 s(r) = -2*r + 67. Let d be s(31). Let g(m) = 246*m + 273. List the prime factors of g(d).
3, 167
Suppose 70*m = 101*m - 247721. What are the prime factors of m?
61, 131
Let t(r) = -2042*r - 3710. List the prime factors of t(-24).
2, 11, 29, 71
Let d(s) = s - 8. Let g be d(11). Let y = 0 + g. Suppose 3*r = -y*p + 5*p + 17, p + 33 = 5*r. List the prime factors of r.
7
Suppose 0 = i - 2*g - 12, -2*i - 4*g - 3 = g. What are the prime factors of 3/(i/(-10)) + 503 + 41?
7, 11
What are the prime factors of 5287/(-2 - (-1*7 + (-44)/(-11)))?
17, 311
Let k(u) = 36*u**2 - 1548*u - 43. List the prime factors of k(69).
233, 277
Let a = 70 + -66. Suppose p - a*g - 924 = 0, 0*p - 3*g = -p + 929. Suppose 3*s - 4*s + 5*n = -257, -4*s - n = -p. List the prime factors of s.
3, 79
Let y(g) = g**2 + 11*g - 28. Let x(v) = v**2 + 4*v - 16. Let n be x(-7). Suppose -3*z - 120 = n*z. What are the prime factors of y(z)?
2
Let z(l) = -6*l - 303 + 6*l**2 - 300 + 629. What are the prime factors of z(-7)?
2, 181
Let p(m) be the second derivative of -3*m**5/4 - m**4/3 - m**3 - 7*m**2 - 6*m - 3. List the prime factors of p(-3).
373
Let j(g) = 5*g**2 - g - 24. Suppose 0 = -2*o + 3*o - 4*b + 16, 41 = 4*o + 5*b. Suppose u = 2*f + 15, -3*u - 3*f - 20 = -o*u. List the prime factors of j(u).
2, 3
Let u(z) = 18*z**2 - 46*z - 23. Let p be u(5). Suppose 3*o = -3*l + o + 12, -3*l - 9 = -5*o. What are the prime factors of 0 + l + p + -14?
5, 37
Let p = -3183 + 8439. List the prime factors of -5 - 161/(-35) - p/(-15).
2, 5, 7
Let p be -30*5/(15/(-98)). Let b be p/15*-3*-4. What are the prime factors of b/105*-6*(-10)/2?
2, 7
Let n = 386 - 624. What are the prime factors of 2 - -1 - n - 5?
2, 59
Let m = 6512 + -2467. What are the prime factors of m?
5, 809
Let j(f) = 8*f**2 + 69*f - 696. List the prime factors of j(17).
2789
Let j(d) = 4*d**2 + 5*d - 23. Suppose 4*q = -2*o + 30, -12*q + 39 = -7*q + 4*o. What are the prime factors of j(q)?
2, 13
Suppose j = 94 - 309. Let a = j + 122. Let u = a - -196. List the prime factors of u.
103
Let c be (129/(-15))/(6/(-30)). Suppose 42 = 3*o + 3*p, p + 0*p + c = 2*o. Suppose -j = -5*i - o + 290, 163 = 3*i - j. What are the prime factors of i?
2, 3
Suppose -2*h + 2*x = -173474, 2*h - 173501 = -11*x + 10*x. What are the prime factors of h?
2, 11, 3943
Let u be (3/(-2 - 4))/((-1)/38). Suppose 5*w - u = -2*n + 6*n, 4*w = 4*n + 16. List the prime factors of (5/(-10))/n*368.
2, 23
Let j(o) = -5*o**3 + 5*o**2 - 43*o - 23. List the prime factors of j(-14).
3, 11, 463
Let y = -90 + 123. Suppose 7*t + 5 = y. Suppose 3*l = t*z + 4*l - 898, 2*z = -5*l + 458. What are the prime factors of z?
2, 7
Let n = 10 - 6. Let y(g) = 7*g**2 + 6*g + 5. What are the prime factors of y(n)?
3, 47
Let s(r) = -32*r + 65. Let c be s(7). Let k = c + 360. List the prime factors of k.
3, 67
Let u(n) = -n + 23. Let b be u(19). Let j be b/2 - (0 + -3). Suppose -2*g + 2 = 0, j*g + 159 = -2*h + 4*h. List the prime factors of h.
2, 41
Let d = -179 - -82. Let w = d + 79. Let x = 151 - w. What are the prime factors of x?
13
Suppose j - 36 = -2*x - 3*j, 5*x - 95 = -5*j. Let f(y) = -19 + 61 + 46*y - 18 - x. What are the prime factors of f(2)?
2, 3
Suppose 0 = -9*k + 4*k. Let f(i) = 0*i - i**2 - 3 + k*i**2 - 10*i + 2*i**2. What are the prime factors of f(-9)?
2, 3, 7
List the prime factors of (189/6)/(6783/3382 - (-2 - -4)).
3, 7, 89
Let p(a) = a**2 - 5*a + 6. Let d be p(6). Let j(x) = 42*x - 19. List the prime factors of j(d).
5, 97
Suppose 2*c + p = 6757, 11*c - 5*p - 10168 = 8*c. What are the prime factors of c?
3, 7, 23
Suppose 0*b + 2*b = -2, 2*n - 1 = 5*b. Let j be (n/(-3))/((-3)/27). List the prime factors of -2*18*j/8.
3
Let d be (162/(-3))/((-3)/18). Let n(c) = -c**3 - c**2 - 6*c. Let l be n(5). Let t = d + l. List the prime factors of t.
2, 3
Let j(p) = -17*p**3 + 34*p + 5. What are the prime factors of j(-7)?
2, 3, 311
Let s(x) = x**3 + x**2 - 7*x - 1. Let d(q) = -3*q**2 + q + 1. Let p(l) = -3*d(l) + s(l). What are the prime factors of p(6)?
2
Let o be ((-432)/60)/((-3)/10) + -2. Let v = -24 + o. What are the prime factors of 2*1/v - -104?
103
Let p be (1 - 6/(-9))*(-2 - -5). Let f be (-28)/(-35) - 29/p. Let s = 114 + f. List the prime factors of s.
109
Let o(q) = -10*q**2 + 7*q - 2. Let k be o(5). Let a = k - -304. Suppose a = 2*v - 35. List the prime factors of v.
61
Let z(o) = -o + 1. Let a be z(-3). Suppose a*s - 12 + 4 = 0. List the prime factors of s - (388/(-4) - 2).
101
Let w = 124 + -94. Suppose 2*g - w = -20. What are the prime factors of g + 176 - (-5)/(-5)?
2, 3, 5
Let o(x) = 31*x**2 + 7*x + 7. Let v be (-4)/5 - (-16)/(-5). Let k be o(v). Suppose -4*j = h - 177, -j - k = -3*h + j. List the prime factors of h.
7, 23
Let u(q) be the first derivative of q**3/3 + 3*q**2 + 534*q - 116. What are the prime factors of u(0)?
2, 3, 89
Let l = -15462 + 26648. What are the prime factors of l?
2, 7, 17, 47
Let m(b) = 2*b**2 - 7*b + 26. Let o be (-150)/(-9) - (-8)/(-12). Let w be m(o). Suppose -4*q - w = -7*q. What are the prime factors of q?
2, 71
Let i be 4/(-14) + 80/(-14). List the prime factors of ((-596)/i)/((-3)/(-9)) + -4.
2, 3, 7
Suppose 13*v + 10965 = 76862. What are the prime factors of v?
37, 137
Let y(s) = 2*s**2 - 9*s - 17. Let x be y(8). Suppose -b - x + 28 = 0. Let h(l) = l**3 + 12*l**2 + 5*l + 9. What are the prime factors of h(b)?
3, 5
Let d(n) = -3*n**3 - 132*n**2 + 61*n - 309. List the prime factors of d(-46).
11, 13, 67
Let c(h) = 9*h**2 - 2*h - 22. Let q = 74 - 83. List the prime factors of c(q).
5, 29
Let r(g) = 13*g**2 - 11*g - 3. Let h(p) = -2*p**2 + p - 1. Let x(j) = 6*h(j) + r(j). What are the prime factors of x(9)?
3
List the prime factors of 839148/90 - (-38)/285.
2, 3, 7, 37
List the prime factors of 44*(-11 + (-33256)/(-32))*(-6)/(-9).
2, 3, 11, 457
Let p = -54503 - -105886. List the prime factors of p.
51383
Let b = -22299 + 64077. What are the prime factors of b?
2, 3, 11, 211
Let r be (-59 + 41)*1/((-6)/128). Let p = 319 + r. List the prime factors of p.
19, 37
Let r = -110609 - -187204. List the prime factors of r.
5, 15319
Suppose -36094 = -j + 5*y, -j - 561*y + 36094 = -565*y. What are the prime factors of j?
2, 18047
Let w(v) = -v**3 - v**2 - 8*v - 5. Let h be w(-5). Suppose -h = 2*x - 655. Suppose 12*t = x + 1192. List the prime factors of t.
11
Suppose -4 = -t - 2. Suppose -t*f + 3*m = 0, -f - m + 6*m = 0. Suppose 5*x + f*x - 370 = 0. List the prime factors of x.
2, 37
Let l = 221 - 132. Suppose -l*u + 1720 = -85*u. List the prime factors of u.
2, 5, 43
Suppose 317 = 7*s + 2935. Let a = -167 - s. What are the prime factors of a?
3, 23
Suppose -5*n + 20 = -55. Let r = -167 - -212. Suppose 56 = j - 2*t, r = j - t - n. List the prime factors of j.
2
Let n(g) = -2*g**3 - 45*g**2 + 73*g + 35. List the prime factors of n(-26).
19, 151
Suppose -43*h + 1812300 = 41*h. List the prime factors of h.
5, 863
Let c = -125528 - -193799. What are the prime factors of c?
3, 7, 3251
Let j = 6 + -2. Suppose -8*i + 544 = -3*i + j*y, 4 = -y. What are the prime factors of i?
2, 7
Let w be -2*(-1)/(-4)*2. List the prime factors of -818*-1*(3 + w - 1).
2, 409
Suppose 17079 + 541 = 10*m. Let x = -952 + m. List the prime factors of x.
2, 3, 5
Let p be 6/3 + 1 - (-2296 - 3). Suppose p = 2*m - 3*b, 3*m = -2*b + 5133 - 1706. Suppose 9*v = 520 + m. What are the prime factors of v?
5, 37
Let t be (2 - 0)*(-1 + 86/4). Let j = t - 39. What are the prime factors of j/((-6)/(-639)*3)?
71
Let o(m) = 56*m**2 - 129*m + 54. List the prime factors of o(-20).
2, 12517
Let q = 9874 - 4710. List the prime factors of q.
2, 1291
Suppose -18*p = 3*p - 483. List the prime factors of (-741 + p)/(0 - 2).
359
Suppose -7*h + 1669 = -3567. Suppose h = 11*m + 319. Suppose 4*f + 13 = p, -5*p + 2*f = -2*p - m. List the prime factors of p.
13
Let j be -2900*5*(-3)/(-30) - 0. Let s = -311 - j. List the prime factors of s.
17, 67
Let j = -308 - -368. What are the prime factors of (-15690)/j*(0 - 2)?
523
Suppose 2*j - 10 = -3*s, 16 + 37 = 3*j - 5*s. List the prime factors of 521/2*(13 - j).
521
List the prime factors of 721714/(-28)*-4*-6*3/(-36).
51551
Suppose -903*d + 916*d = 79339. List the prime factors of d.
17, 359
Let f(h) = -h**3 + 7*h**2 + 6*h + 10. Let q be f(6). Let d = 1 + q. What are